{"id":185,"date":"2024-02-10T22:24:55","date_gmt":"2024-02-10T21:24:55","guid":{"rendered":"https:\/\/portafoliosap.casaalimenticia.com\/index.php\/producto\/menu-especial-1\/"},"modified":"2025-02-05T13:53:22","modified_gmt":"2025-02-05T18:53:22","slug":"menu-especial-1","status":"publish","type":"product","link":"https:\/\/portafoliosap.casaalimenticia.com\/index.php\/producto\/menu-especial-1\/","title":{"rendered":"Men\u00fa especial 1"},"content":{"rendered":"<p>Verificar con el Parque capacidad de mesas. Se pueden atender hasta 200 personas simult\u00e1neas<\/p>\n","protected":false},"excerpt":{"rendered":"<p>Men\u00fa especial 1: Crema (Escoger 1 opci\u00f3n entre br\u00f3coli, espinacas, zanahoria o ch\u00f3colo) 240 g, lomo de cerdo 125 g con salsa teriyaki, arroz oriental 120g, chips de pl\u00e1tano 30g, ensalada fresca 60 g, bebida de 200 ml.<\/p>\n","protected":false},"featured_media":0,"template":"","meta":[],"product_brand":[],"product_cat":[18,15],"product_tag":[],"class_list":{"0":"post-185","1":"product","2":"type-product","3":"status-publish","5":"product_cat-almuerzos","6":"product_cat-sin-categorizar","8":"first","9":"instock","10":"taxable","11":"shipping-taxable","12":"purchasable","13":"product-type-simple"},"jetpack_sharing_enabled":true,"_links":{"self":[{"href":"https:\/\/portafoliosap.casaalimenticia.com\/index.php\/wp-json\/wp\/v2\/product\/185","targetHints":{"allow":["GET"]}}],"collection":[{"href":"https:\/\/portafoliosap.casaalimenticia.com\/index.php\/wp-json\/wp\/v2\/product"}],"about":[{"href":"https:\/\/portafoliosap.casaalimenticia.com\/index.php\/wp-json\/wp\/v2\/types\/product"}],"wp:attachment":[{"href":"https:\/\/portafoliosap.casaalimenticia.com\/index.php\/wp-json\/wp\/v2\/media?parent=185"}],"wp:term":[{"taxonomy":"product_brand","embeddable":true,"href":"https:\/\/portafoliosap.casaalimenticia.com\/index.php\/wp-json\/wp\/v2\/product_brand?post=185"},{"taxonomy":"product_cat","embeddable":true,"href":"https:\/\/portafoliosap.casaalimenticia.com\/index.php\/wp-json\/wp\/v2\/product_cat?post=185"},{"taxonomy":"product_tag","embeddable":true,"href":"https:\/\/portafoliosap.casaalimenticia.com\/index.php\/wp-json\/wp\/v2\/product_tag?post=185"}],"curies":[{"name":"wp","href":"https:\/\/api.w.org\/{rel}","templated":true}]}}